{"id":17,"date":"2018-12-07T15:35:54","date_gmt":"2018-12-07T15:35:54","guid":{"rendered":"https:\/\/www.roeppisch.com\/cms\/?page_id=17"},"modified":"2026-04-12T13:51:14","modified_gmt":"2026-04-12T11:51:14","slug":"startseite","status":"publish","type":"page","link":"https:\/\/www.roeppisch.com\/cms\/","title":{"rendered":"Startseite"},"content":{"rendered":"<p>Herzlich willkommen auf der Website von R\u00f6ppisch im Saale-Orla-Kreis! Hier erf\u00e4hrst Du alles rund um R\u00f6ppisch, u.a. die n\u00e4chsten Termine.<\/p>\n\n\n<figure class=\"wp-block-image size-large\"><img loading=\"lazy\" decoding=\"async\" width=\"722\" height=\"1024\" src=\"https:\/\/www.roeppisch.com\/cms\/wp-content\/uploads\/2024\/04\/flyer_maibaumstellen_2026-722x1024.jpeg\" alt=\"\" class=\"wp-image-839\" srcset=\"https:\/\/www.roeppisch.com\/cms\/wp-content\/uploads\/2024\/04\/flyer_maibaumstellen_2026-722x1024.jpeg 722w, https:\/\/www.roeppisch.com\/cms\/wp-content\/uploads\/2024\/04\/flyer_maibaumstellen_2026-212x300.jpeg 212w, https:\/\/www.roeppisch.com\/cms\/wp-content\/uploads\/2024\/04\/flyer_maibaumstellen_2026-768x1089.jpeg 768w, https:\/\/www.roeppisch.com\/cms\/wp-content\/uploads\/2024\/04\/flyer_maibaumstellen_2026-1083x1536.jpeg 1083w, https:\/\/www.roeppisch.com\/cms\/wp-content\/uploads\/2024\/04\/flyer_maibaumstellen_2026.jpeg 1410w\" sizes=\"auto, (max-width: 722px) 100vw, 722px\" \/><\/figure>\n\n\n<div class=\"wp-block-image\">\n<figure class=\"aligncenter size-full\"><img loading=\"lazy\" decoding=\"async\" width=\"584\" height=\"780\" src=\"https:\/\/www.roeppisch.com\/cms\/wp-content\/uploads\/2025\/03\/2026_flyer_Seifenkistenrennen-1.png\" alt=\"\" class=\"wp-image-848\" srcset=\"https:\/\/www.roeppisch.com\/cms\/wp-content\/uploads\/2025\/03\/2026_flyer_Seifenkistenrennen-1.png 584w, https:\/\/www.roeppisch.com\/cms\/wp-content\/uploads\/2025\/03\/2026_flyer_Seifenkistenrennen-1-225x300.png 225w\" sizes=\"auto, (max-width: 584px) 100vw, 584px\" \/><\/figure>\n<\/div>","protected":false},"excerpt":{"rendered":"<p>Herzlich willkommen auf der Website von R\u00f6ppisch im Saale-Orla-Kreis! Hier erf\u00e4hrst Du alles rund um R\u00f6ppisch, u.a. die n\u00e4chsten Termine.<\/p>\n","protected":false},"author":2,"featured_media":0,"parent":0,"menu_order":0,"comment_status":"closed","ping_status":"closed","template":"","meta":{"_EventAllDay":false,"_EventTimezone":"","_EventStartDate":"","_EventEndDate":"","_EventStartDateUTC":"","_EventEndDateUTC":"","_EventShowMap":false,"_EventShowMapLink":false,"_EventURL":"","_EventCost":"","_EventCostDescription":"","_EventCurrencySymbol":"","_EventCurrencyCode":"","_EventCurrencyPosition":"","_EventDateTimeSeparator":"","_EventTimeRangeSeparator":"","_EventOrganizerID":[],"_EventVenueID":[],"_OrganizerEmail":"","_OrganizerPhone":"","_OrganizerWebsite":"","_VenueAddress":"","_VenueCity":"","_VenueCountry":"","_VenueProvince":"","_VenueState":"","_VenueZip":"","_VenuePhone":"","_VenueURL":"","_VenueStateProvince":"","_VenueLat":"","_VenueLng":"","_VenueShowMap":false,"_VenueShowMapLink":false,"footnotes":""},"class_list":["post-17","page","type-page","status-publish","hentry"],"_links":{"self":[{"href":"https:\/\/www.roeppisch.com\/cms\/wp-json\/wp\/v2\/pages\/17","targetHints":{"allow":["GET"]}}],"collection":[{"href":"https:\/\/www.roeppisch.com\/cms\/wp-json\/wp\/v2\/pages"}],"about":[{"href":"https:\/\/www.roeppisch.com\/cms\/wp-json\/wp\/v2\/types\/page"}],"author":[{"embeddable":true,"href":"https:\/\/www.roeppisch.com\/cms\/wp-json\/wp\/v2\/users\/2"}],"replies":[{"embeddable":true,"href":"https:\/\/www.roeppisch.com\/cms\/wp-json\/wp\/v2\/comments?post=17"}],"version-history":[{"count":16,"href":"https:\/\/www.roeppisch.com\/cms\/wp-json\/wp\/v2\/pages\/17\/revisions"}],"predecessor-version":[{"id":851,"href":"https:\/\/www.roeppisch.com\/cms\/wp-json\/wp\/v2\/pages\/17\/revisions\/851"}],"wp:attachment":[{"href":"https:\/\/www.roeppisch.com\/cms\/wp-json\/wp\/v2\/media?parent=17"}],"curies":[{"name":"wp","href":"https:\/\/api.w.org\/{rel}","templated":true}]}}